{"id":6804,"date":"2025-12-07T22:40:00","date_gmt":"2025-12-07T21:40:00","guid":{"rendered":"https:\/\/musiqueautemple.fr\/?page_id=6804"},"modified":"2026-04-11T21:58:11","modified_gmt":"2026-04-11T19:58:11","slug":"calendrier-des-concerts-en-2026","status":"publish","type":"page","link":"https:\/\/musiqueautemple.fr\/?page_id=6804","title":{"rendered":"CALENDRIER DES CONCERTS 2026"},"content":{"rendered":"\n<h2 class=\"wp-block-heading has-accent-color has-text-color has-link-color wp-elements-44e80f9f8518d7804802ea50e05a66f2\"><strong>Dimanche 18 Janvier \u00e0 17h<\/strong><\/h2>\n\n\n\n<p class=\"has-large-font-size\"><strong>cycle CANTATE A TOURS<\/strong><\/p>\n\n\n\n<figure class=\"wp-block-image size-full is-resized\"><img loading=\"lazy\" decoding=\"async\" width=\"493\" height=\"698\" src=\"https:\/\/musiqueautemple.fr\/wp-content\/uploads\/2026\/01\/Cantateatours-janvier.jpg\" alt=\"\" class=\"wp-image-6848\" style=\"width:325px;height:auto\" srcset=\"https:\/\/musiqueautemple.fr\/wp-content\/uploads\/2026\/01\/Cantateatours-janvier.jpg 493w, https:\/\/musiqueautemple.fr\/wp-content\/uploads\/2026\/01\/Cantateatours-janvier-212x300.jpg 212w\" sizes=\"auto, (max-width: 493px) 100vw, 493px\" \/><\/figure>\n\n\n\n<h2 class=\"wp-block-heading has-accent-color has-text-color has-link-color wp-elements-a6ca4ae1ca33358b1dc23d3572ccb39b\"><strong>Samedi 24 Janvier<\/strong><\/h2>\n\n\n\n<p class=\"has-large-font-size\">Choeurs ELANAVEVA et LA SARABANDE<\/p>\n\n\n\n<figure class=\"wp-block-image size-large is-resized\"><img loading=\"lazy\" decoding=\"async\" width=\"724\" height=\"1024\" src=\"https:\/\/musiqueautemple.fr\/wp-content\/uploads\/2026\/01\/sarabande-concert-croise-724x1024.jpg\" alt=\"\" class=\"wp-image-6849\" style=\"aspect-ratio:0.7070277821854924;width:315px;height:auto\" srcset=\"https:\/\/musiqueautemple.fr\/wp-content\/uploads\/2026\/01\/sarabande-concert-croise-724x1024.jpg 724w, https:\/\/musiqueautemple.fr\/wp-content\/uploads\/2026\/01\/sarabande-concert-croise-212x300.jpg 212w, https:\/\/musiqueautemple.fr\/wp-content\/uploads\/2026\/01\/sarabande-concert-croise-768x1086.jpg 768w, https:\/\/musiqueautemple.fr\/wp-content\/uploads\/2026\/01\/sarabande-concert-croise-1086x1536.jpg 1086w, https:\/\/musiqueautemple.fr\/wp-content\/uploads\/2026\/01\/sarabande-concert-croise-1448x2048.jpg 1448w, https:\/\/musiqueautemple.fr\/wp-content\/uploads\/2026\/01\/sarabande-concert-croise-900x1273.jpg 900w, https:\/\/musiqueautemple.fr\/wp-content\/uploads\/2026\/01\/sarabande-concert-croise-1280x1811.jpg 1280w, https:\/\/musiqueautemple.fr\/wp-content\/uploads\/2026\/01\/sarabande-concert-croise.jpg 1587w\" sizes=\"auto, (max-width: 724px) 100vw, 724px\" \/><\/figure>\n\n\n\n<h2 class=\"wp-block-heading has-accent-color has-text-color has-link-color wp-elements-c1d40d1a37d4c0a032b9fdee646daebb\"><strong>Dimanche 08 f\u00e9vrier \u00e0 17h<\/strong><\/h2>\n\n\n\n<p class=\"has-large-font-size\"><strong>Cycle CANTATES DE de J.S BACH<\/strong><\/p>\n\n\n\n<h2 class=\"wp-block-heading has-large-font-size\">Par les Musiciens de Cantate \u00e0 Tours<\/h2>\n\n\n\n<figure class=\"wp-block-image size-full is-resized\"><img loading=\"lazy\" decoding=\"async\" width=\"492\" height=\"674\" src=\"https:\/\/musiqueautemple.fr\/wp-content\/uploads\/2026\/02\/affiche.jpg\" alt=\"\" class=\"wp-image-6960\" style=\"width:317px;height:auto\" srcset=\"https:\/\/musiqueautemple.fr\/wp-content\/uploads\/2026\/02\/affiche.jpg 492w, https:\/\/musiqueautemple.fr\/wp-content\/uploads\/2026\/02\/affiche-219x300.jpg 219w\" sizes=\"auto, (max-width: 492px) 100vw, 492px\" \/><\/figure>\n\n\n\n<h2 class=\"wp-block-heading has-accent-color has-text-color has-link-color wp-elements-339cb50a33c9aec4c1500e7f4fcac5bc\"><strong>Dimanche 08 mars<\/strong>  18h00<\/h2>\n\n\n\n<h2 class=\"wp-block-heading has-large-font-size\">Les Muses du vent<\/h2>\n\n\n\n<figure class=\"wp-block-image size-full is-resized\"><img loading=\"lazy\" decoding=\"async\" width=\"500\" height=\"707\" src=\"https:\/\/musiqueautemple.fr\/wp-content\/uploads\/2026\/03\/Capture.jpg\" alt=\"\" class=\"wp-image-6992\" style=\"width:325px;height:auto\" srcset=\"https:\/\/musiqueautemple.fr\/wp-content\/uploads\/2026\/03\/Capture.jpg 500w, https:\/\/musiqueautemple.fr\/wp-content\/uploads\/2026\/03\/Capture-212x300.jpg 212w\" sizes=\"auto, (max-width: 500px) 100vw, 500px\" \/><\/figure>\n\n\n\n<h2 class=\"wp-block-heading has-accent-color has-text-color has-link-color wp-elements-608a6f9a135c215886f649267ba93004\"><strong>Vendredi 13 mars<\/strong> &#8211;  20H00<\/h2>\n\n\n\n<h2 class=\"wp-block-heading has-large-font-size\">INNER WHEEL : Lecture th\u00e9\u00e2trale<\/h2>\n\n\n\n<h2 class=\"wp-block-heading\"><strong> \u00ab\u00a0Destins de femmes\u00a0\u00bb<\/strong><\/h2>\n\n\n\n<figure class=\"wp-block-image size-full is-resized\"><img loading=\"lazy\" decoding=\"async\" width=\"576\" height=\"813\" src=\"https:\/\/musiqueautemple.fr\/wp-content\/uploads\/2026\/02\/Capture-1.jpg\" alt=\"\" class=\"wp-image-6963\" style=\"aspect-ratio:0.7084743197517919;width:306px;height:auto\" srcset=\"https:\/\/musiqueautemple.fr\/wp-content\/uploads\/2026\/02\/Capture-1.jpg 576w, https:\/\/musiqueautemple.fr\/wp-content\/uploads\/2026\/02\/Capture-1-213x300.jpg 213w\" sizes=\"auto, (max-width: 576px) 100vw, 576px\" \/><\/figure>\n\n\n\n<h2 class=\"wp-block-heading has-accent-color has-text-color has-link-color wp-elements-50754c2c702fe73ccafa781cc691f2a6\"><strong>Dimanche 15 mars<\/strong> &#8211; 17h00<\/h2>\n\n\n\n<p class=\"has-large-font-size\"><strong>cycle CANTATE DE J.S BACH<\/strong><\/p>\n\n\n\n<figure class=\"wp-block-image size-full is-resized\"><img loading=\"lazy\" decoding=\"async\" width=\"291\" height=\"271\" src=\"https:\/\/musiqueautemple.fr\/wp-content\/uploads\/2026\/02\/Capture-2.jpg\" alt=\"\" class=\"wp-image-6978\" style=\"width:217px;height:auto\"\/><\/figure>\n\n\n\n<figure class=\"wp-block-image size-full is-resized\"><img loading=\"lazy\" decoding=\"async\" width=\"509\" height=\"151\" src=\"https:\/\/musiqueautemple.fr\/wp-content\/uploads\/2026\/02\/Capture-artistes.jpg\" alt=\"\" class=\"wp-image-6979\" style=\"width:610px;height:auto\" srcset=\"https:\/\/musiqueautemple.fr\/wp-content\/uploads\/2026\/02\/Capture-artistes.jpg 509w, https:\/\/musiqueautemple.fr\/wp-content\/uploads\/2026\/02\/Capture-artistes-300x89.jpg 300w\" sizes=\"auto, (max-width: 509px) 100vw, 509px\" \/><\/figure>\n\n\n\n<h2 class=\"wp-block-heading has-accent-color has-text-color has-link-color wp-elements-e040ce40d76b6d34745008f56477c3b6\">Dimanche 29 Mars<\/h2>\n\n\n\n<h2 class=\"wp-block-heading\">Ensemble Cart\u00e9sixte<\/h2>\n\n\n\n<figure class=\"wp-block-image size-full\"><img loading=\"lazy\" decoding=\"async\" width=\"302\" height=\"427\" src=\"https:\/\/musiqueautemple.fr\/wp-content\/uploads\/2021\/12\/affiche.png\" alt=\"\" class=\"wp-image-7004\" srcset=\"https:\/\/musiqueautemple.fr\/wp-content\/uploads\/2021\/12\/affiche.png 302w, https:\/\/musiqueautemple.fr\/wp-content\/uploads\/2021\/12\/affiche-212x300.png 212w\" sizes=\"auto, (max-width: 302px) 100vw, 302px\" \/><\/figure>\n\n\n\n<h2 class=\"wp-block-heading has-accent-color has-text-color has-link-color wp-elements-c28e2f176a680129c86056949e880405\">Dimanche 12 Avril <\/h2>\n\n\n\n<h2 class=\"wp-block-heading\">Cycle CANTATES DE J.S BACH<\/h2>\n\n\n\n<figure class=\"wp-block-image size-large is-resized\"><img loading=\"lazy\" decoding=\"async\" width=\"729\" height=\"1024\" src=\"https:\/\/musiqueautemple.fr\/wp-content\/uploads\/2026\/04\/affiche-729x1024.jpg\" alt=\"\" class=\"wp-image-7055\" style=\"aspect-ratio:0.7119099228343506;width:387px;height:auto\" srcset=\"https:\/\/musiqueautemple.fr\/wp-content\/uploads\/2026\/04\/affiche-729x1024.jpg 729w, https:\/\/musiqueautemple.fr\/wp-content\/uploads\/2026\/04\/affiche-213x300.jpg 213w, https:\/\/musiqueautemple.fr\/wp-content\/uploads\/2026\/04\/affiche-768x1079.jpg 768w, https:\/\/musiqueautemple.fr\/wp-content\/uploads\/2026\/04\/affiche-1093x1536.jpg 1093w, https:\/\/musiqueautemple.fr\/wp-content\/uploads\/2026\/04\/affiche-1457x2048.jpg 1457w, https:\/\/musiqueautemple.fr\/wp-content\/uploads\/2026\/04\/affiche-900x1265.jpg 900w, https:\/\/musiqueautemple.fr\/wp-content\/uploads\/2026\/04\/affiche-1280x1799.jpg 1280w, https:\/\/musiqueautemple.fr\/wp-content\/uploads\/2026\/04\/affiche-scaled.jpg 1822w\" sizes=\"auto, (max-width: 729px) 100vw, 729px\" \/><\/figure>\n\n\n\n<p class=\"has-large-font-size\">Par les Musiciens de Cantate \u00e0 Tours<\/p>\n\n\n\n<h2 class=\"wp-block-heading has-accent-color has-text-color has-link-color wp-elements-e4e22960cc224b20ac619ec92b5ba0dc\">Mercredi 29 Avril 20h00<\/h2>\n\n\n\n<p class=\"has-large-font-size\"><strong><em>SOUFFLE BAROQUE<\/em><\/strong><\/p>\n\n\n\n<h2 class=\"wp-block-heading\">Ensemble La Florinda<\/h2>\n\n\n\n<figure class=\"wp-block-image size-large is-resized\"><img loading=\"lazy\" decoding=\"async\" width=\"724\" height=\"1024\" src=\"https:\/\/musiqueautemple.fr\/wp-content\/uploads\/2021\/12\/Concert_Temple_protestant_29_Avril-724x1024.jpeg\" alt=\"\" class=\"wp-image-7030\" style=\"aspect-ratio:0.7070277821854924;width:368px;height:auto\" srcset=\"https:\/\/musiqueautemple.fr\/wp-content\/uploads\/2021\/12\/Concert_Temple_protestant_29_Avril-724x1024.jpeg 724w, https:\/\/musiqueautemple.fr\/wp-content\/uploads\/2021\/12\/Concert_Temple_protestant_29_Avril-212x300.jpeg 212w, https:\/\/musiqueautemple.fr\/wp-content\/uploads\/2021\/12\/Concert_Temple_protestant_29_Avril-768x1087.jpeg 768w, https:\/\/musiqueautemple.fr\/wp-content\/uploads\/2021\/12\/Concert_Temple_protestant_29_Avril-1085x1536.jpeg 1085w, https:\/\/musiqueautemple.fr\/wp-content\/uploads\/2021\/12\/Concert_Temple_protestant_29_Avril-900x1274.jpeg 900w, https:\/\/musiqueautemple.fr\/wp-content\/uploads\/2021\/12\/Concert_Temple_protestant_29_Avril-1280x1812.jpeg 1280w, https:\/\/musiqueautemple.fr\/wp-content\/uploads\/2021\/12\/Concert_Temple_protestant_29_Avril.jpeg 1447w\" sizes=\"auto, (max-width: 724px) 100vw, 724px\" \/><\/figure>\n\n\n\n<p><\/p>\n\n\n\n<h2 class=\"wp-block-heading has-accent-color has-text-color has-link-color wp-elements-31404152f62752fc389fc435ae362268\">Jeudi 30 Avril &#8211; 20h00<\/h2>\n\n\n\n<h2 class=\"wp-block-heading has-medium-gray-color has-text-color has-link-color wp-elements-8cd0c85587c1e85b0437b8854583845c\">Concert Monteverdi<\/h2>\n\n\n\n<p class=\"has-large-font-size\">par le ch\u0153ur et les instrumentistes du d\u00e9partement de musique et musicologie de l&rsquo;Universit\u00e9 de Tours<\/p>\n\n\n\n<p><\/p>\n\n\n\n<h2 class=\"wp-block-heading has-accent-color has-text-color has-link-color wp-elements-023753147621cb5caf65484ca10fdccc\">Dimanche 03 Mai &#8211; 17h00<\/h2>\n\n\n\n<h2 class=\"wp-block-heading has-medium-gray-color has-text-color has-link-color wp-elements-d67091f713de7b280141c7a1461a2757\">Cycle CANTATES DE J.S BACH<\/h2>\n\n\n\n<figure class=\"wp-block-image size-full is-resized\"><img loading=\"lazy\" decoding=\"async\" width=\"291\" height=\"271\" src=\"https:\/\/musiqueautemple.fr\/wp-content\/uploads\/2026\/02\/Capture-2.jpg\" alt=\"\" class=\"wp-image-6978\" style=\"width:207px;height:auto\"\/><\/figure>\n\n\n\n<p class=\"has-large-font-size\">Par les Musiciens de Cantate \u00e0 Tours<\/p>\n\n\n\n<h2 class=\"wp-block-heading has-accent-color has-text-color has-link-color wp-elements-c71696015f95cde03085c0c3e4c6c8bf\">Vendredi 08 Mai<\/h2>\n\n\n\n<p class=\"has-large-font-size\"><strong>Ensemble VOIX PASSERELLES<\/strong><\/p>\n\n\n\n<p class=\"has-large-font-size\">Avec le ch\u0153ur N\u00e9buleuse<\/p>\n\n\n\n<figure class=\"wp-block-embed is-type-wp-embed is-provider-ensemble-vocal-passerelles wp-block-embed-ensemble-vocal-passerelles\"><div class=\"wp-block-embed__wrapper\">\n<blockquote class=\"wp-embedded-content\" data-secret=\"lmBf5MBSFv\"><a href=\"https:\/\/voixpasserelles.fr\/\">Accueil<\/a><\/blockquote><iframe loading=\"lazy\" class=\"wp-embedded-content\" sandbox=\"allow-scripts\" security=\"restricted\" style=\"position: absolute; visibility: hidden;\" title=\"\u00ab\u00a0Accueil\u00a0\u00bb &#8212; Ensemble vocal Passerelles\" src=\"https:\/\/voixpasserelles.fr\/embed\/#?secret=4h6G9JJjCF#?secret=lmBf5MBSFv\" data-secret=\"lmBf5MBSFv\" width=\"600\" height=\"338\" frameborder=\"0\" marginwidth=\"0\" marginheight=\"0\" scrolling=\"no\"><\/iframe>\n<\/div><\/figure>\n\n\n\n<h2 class=\"wp-block-heading has-accent-color has-text-color has-link-color wp-elements-abcea9fc74ec6fea54eab2977ecd9355\">Dimanche 10 Mai<\/h2>\n\n\n\n<p class=\"has-large-font-size\"><strong>CONCERT DE PRINTEMPS DE MUSIQUE AU TEMPLE<\/strong><\/p>\n\n\n\n<p class=\"has-large-font-size\"><strong>ensemble&nbsp;&nbsp; SFUMATO&nbsp;<\/strong><\/p>\n\n\n\n<h2 class=\"wp-block-heading has-accent-color has-text-color has-link-color wp-elements-5ee67148e743cacd7e90b3b5c2d264d7\"><strong>Vendredi 5 Juin<\/strong> &#8211; 20h00<\/h2>\n\n\n\n<h2 class=\"wp-block-heading\">Le Ch\u0153ur \u00c9meraude<\/h2>\n\n\n\n<p class=\"has-large-font-size\"><strong>Concert com\u00e9die musicale<\/strong><\/p>\n\n\n\n<h2 class=\"wp-block-heading\">Cycle CANTATES DE J.S BACH<\/h2>\n\n\n\n<h2 class=\"wp-block-heading has-accent-color has-text-color has-link-color wp-elements-b148dd13be5ccb361984758a10da6939\">Dimanche 7 juin \u00e0 17h00<\/h2>\n\n\n\n<figure class=\"wp-block-image size-full is-resized\"><img loading=\"lazy\" decoding=\"async\" width=\"291\" height=\"271\" src=\"https:\/\/musiqueautemple.fr\/wp-content\/uploads\/2026\/02\/Capture-2.jpg\" alt=\"\" class=\"wp-image-6978\" style=\"width:207px;height:auto\"\/><\/figure>\n\n\n\n<p class=\"has-black-color has-text-color has-link-color wp-elements-d7d28da7f71608111684344003f27634\"><strong>Par les Musiciens de Cantate \u00e0 Tours<\/strong><\/p>\n\n\n\n<h2 class=\"wp-block-heading has-accent-color has-text-color has-link-color wp-elements-ecfc557403e21cd77777f74ae1d75f0a\">Vendredi 12 &#8211; Samedi 13 &amp; Dimanche 15 Juin<\/h2>\n\n\n\n<p class=\"has-large-font-size\"><strong>concert Chorea\/Scorda Tour<\/strong><\/p>\n\n\n\n<h2 class=\"wp-block-heading has-accent-color has-text-color has-link-color wp-elements-2f0d82d17af6e7c04f94dacd56764053\"><em>Dimanche 21 Juin<\/em><\/h2>\n\n\n\n<h2 class=\"wp-block-heading\">F\u00eate de la musique<\/h2>\n","protected":false},"excerpt":{"rendered":"<p>Dimanche 18 Janvier \u00e0 17h cycle CANTATE A TOURS Samedi 24 Janvier Choeurs ELANAVEVA et LA SARABANDE Dimanche 08 f\u00e9vrier \u00e0 17h Cycle CANTATES DE de J.S BACH Par les Musiciens de Cantate \u00e0 Tours Dimanche 08 mars 18h00 Les Muses du vent Vendredi 13 mars &#8211; 20H00 INNER WHEEL : Lecture th\u00e9\u00e2trale \u00ab\u00a0Destins de [&hellip;]<\/p>\n","protected":false},"author":6,"featured_media":0,"parent":0,"menu_order":0,"comment_status":"closed","ping_status":"closed","template":"","meta":{"footnotes":""},"class_list":["post-6804","page","type-page","status-publish","hentry"],"_links":{"self":[{"href":"https:\/\/musiqueautemple.fr\/index.php?rest_route=\/wp\/v2\/pages\/6804","targetHints":{"allow":["GET"]}}],"collection":[{"href":"https:\/\/musiqueautemple.fr\/index.php?rest_route=\/wp\/v2\/pages"}],"about":[{"href":"https:\/\/musiqueautemple.fr\/index.php?rest_route=\/wp\/v2\/types\/page"}],"author":[{"embeddable":true,"href":"https:\/\/musiqueautemple.fr\/index.php?rest_route=\/wp\/v2\/users\/6"}],"replies":[{"embeddable":true,"href":"https:\/\/musiqueautemple.fr\/index.php?rest_route=%2Fwp%2Fv2%2Fcomments&post=6804"}],"version-history":[{"count":20,"href":"https:\/\/musiqueautemple.fr\/index.php?rest_route=\/wp\/v2\/pages\/6804\/revisions"}],"predecessor-version":[{"id":7059,"href":"https:\/\/musiqueautemple.fr\/index.php?rest_route=\/wp\/v2\/pages\/6804\/revisions\/7059"}],"wp:attachment":[{"href":"https:\/\/musiqueautemple.fr\/index.php?rest_route=%2Fwp%2Fv2%2Fmedia&parent=6804"}],"curies":[{"name":"wp","href":"https:\/\/api.w.org\/{rel}","templated":true}]}}